{"id":1448,"date":"2022-11-11T17:13:04","date_gmt":"2022-11-11T14:13:04","guid":{"rendered":"https:\/\/alanyadahaliyikama.com\/?page_id=1448"},"modified":"2023-09-17T12:23:52","modified_gmt":"2023-09-17T09:23:52","slug":"fiyatlarimiz","status":"publish","type":"page","link":"https:\/\/alanyadahaliyikama.com\/index.php\/fiyatlarimiz\/","title":{"rendered":"Fiyatlar\u0131m\u0131z"},"content":{"rendered":"<p><\/p>\n<h4 class=\"wp-block-heading\">F\u0130YATLARIMIZ<\/h4>\n<p><\/p>\n<p><\/p>\n<ul class=\"wp-block-list\">\n<li style=\"list-style-type: none;\">\n<ul><\/ul>\n<\/li>\n<\/ul>\n<p>\u00a0<\/p>\n<ul>\n<li style=\"list-style-type: none;\">\n<ul>\n<li><a href=\"https:\/\/alanyadahaliyikama.com\/index.php\/fiyat-tablosu\/#\"><br \/>Makina Hal\u0131s\u0131<br \/>40 TLm\u00b2 Fiyat\u0131<\/a><\/li>\n<\/ul>\n<\/li>\n<\/ul>\n<p><br \/><br \/><\/p>\n<ul>\n<li style=\"list-style-type: none;\">\n<ul>\n<li><a href=\"https:\/\/alanyadahaliyikama.com\/index.php\/fiyat-tablosu\/#\"><br \/>Shaggy Hal\u0131<br \/>45 TLm\u00b2 Fiyat\u0131<\/a><\/li>\n<\/ul>\n<\/li>\n<\/ul>\n<p><br \/><br \/><\/p>\n<ul>\n<li style=\"list-style-type: none;\">\n<ul>\n<li><a href=\"https:\/\/alanyadahaliyikama.com\/index.php\/fiyat-tablosu\/#\"><br \/>Y\u00fcn Hal\u0131<br \/>47,50 TLm\u00b2 Fiyat\u0131<\/a><\/li>\n<\/ul>\n<\/li>\n<\/ul>\n<p><br \/><br \/><\/p>\n<ul>\n<li style=\"list-style-type: none;\">\n<ul>\n<li><a href=\"https:\/\/alanyadahaliyikama.com\/index.php\/fiyat-tablosu\/#\"><br \/>Nepal Hal\u0131<br \/>75 TLm\u00b2 Fiyat\u0131<\/a><\/li>\n<\/ul>\n<\/li>\n<\/ul>\n<p><br \/><br \/><\/p>\n<ul>\n<li style=\"list-style-type: none;\">\n<ul>\n<li><a href=\"https:\/\/alanyadahaliyikama.com\/index.php\/fiyat-tablosu\/#\"><br \/>Patchwork Hal\u0131<br \/>80 TLm\u00b2 Fiyat\u0131<\/a><\/li>\n<\/ul>\n<\/li>\n<\/ul>\n<p><br \/><br \/><\/p>\n<ul>\n<li style=\"list-style-type: none;\">\n<ul>\n<li><a href=\"https:\/\/alanyadahaliyikama.com\/index.php\/fiyat-tablosu\/#\"><br \/>Akrilik Hal\u0131<br \/>75 TLm\u00b2 Fiyat\u0131<\/a><\/li>\n<\/ul>\n<\/li>\n<\/ul>\n<p><br \/><br \/><\/p>\n<ul>\n<li style=\"list-style-type: none;\">\n<ul>\n<li><a href=\"https:\/\/alanyadahaliyikama.com\/index.php\/fiyat-tablosu\/#\"><br \/>Kesme Hal\u0131<br \/>50 TLm\u00b2 Fiyat\u0131<\/a><\/li>\n<\/ul>\n<\/li>\n<\/ul>\n<p><br \/><br \/><\/p>\n<ul>\n<li style=\"list-style-type: none;\">\n<ul>\n<li><a href=\"https:\/\/alanyadahaliyikama.com\/index.php\/fiyat-tablosu\/#\"><br \/>Hereke Hal\u0131s\u0131<br \/>125 TL<\/a><\/li>\n<\/ul>\n<\/li>\n<\/ul>\n<p><br \/><br \/><\/p>\n<ul>\n<li style=\"list-style-type: none;\">\n<ul>\n<li><a href=\"https:\/\/alanyadahaliyikama.com\/index.php\/fiyat-tablosu\/#\"><br \/>Isparta Hal\u0131s\u0131<br \/>80 TLm\u00b2 Fiyat\u0131<\/a><\/li>\n<\/ul>\n<\/li>\n<\/ul>\n<p><br \/><br \/><\/p>\n<ul>\n<li style=\"list-style-type: none;\">\n<ul>\n<li><a href=\"https:\/\/alanyadahaliyikama.com\/index.php\/fiyat-tablosu\/#\"><br \/>\u00c7in Hal\u0131<br \/>100 TLm\u00b2 Fiyat\u0131<\/a><\/li>\n<\/ul>\n<\/li>\n<\/ul>\n<p><br \/><br \/><\/p>\n<ul>\n<li style=\"list-style-type: none;\">\n<ul>\n<li><a href=\"https:\/\/alanyadahaliyikama.com\/index.php\/fiyat-tablosu\/#\"><br \/>B\u00fcnyan Hal\u0131<br \/>175 TLm\u00b2 Fiyat\u0131<\/a><\/li>\n<\/ul>\n<\/li>\n<\/ul>\n<p><br \/><br \/><\/p>\n<ul>\n<li style=\"list-style-type: none;\">\n<ul>\n<li><a href=\"https:\/\/alanyadahaliyikama.com\/index.php\/fiyat-tablosu\/#\"><br \/>Flo\u015f Hal\u0131<br \/>80 TLm\u00b2 Fiyat\u0131<\/a><\/li>\n<\/ul>\n<\/li>\n<\/ul>\n<p><br \/><br \/><\/p>\n<ul>\n<li style=\"list-style-type: none;\">\n<ul>\n<li><a href=\"https:\/\/alanyadahaliyikama.com\/index.php\/fiyat-tablosu\/#\"><br \/>Yahyal\u0131 El Hal\u0131s\u0131<br \/>125 TLm\u00b2 Fiyat\u0131<\/a><\/li>\n<\/ul>\n<\/li>\n<\/ul>\n<p><br \/><br \/><\/p>\n<ul>\n<li style=\"list-style-type: none;\">\n<ul>\n<li><a href=\"https:\/\/alanyadahaliyikama.com\/index.php\/fiyat-tablosu\/#\"><br \/>U\u015fak Hal\u0131<br \/>120 TLm\u00b2 Fiyat\u0131<\/a><\/li>\n<\/ul>\n<\/li>\n<\/ul>\n<p><br \/><br \/><\/p>\n<ul>\n<li style=\"list-style-type: none;\">\n<ul>\n<li><a href=\"https:\/\/alanyadahaliyikama.com\/index.php\/fiyat-tablosu\/#\"><br \/>Step Hal\u0131<br \/>80 TLm\u00b2 Fiyat\u0131<\/a><\/li>\n<\/ul>\n<\/li>\n<\/ul>\n<p><br \/><br \/><\/p>\n<ul>\n<li style=\"list-style-type: none;\">\n<ul>\n<li><a href=\"https:\/\/alanyadahaliyikama.com\/index.php\/fiyat-tablosu\/#\"><br \/>Bambu Hal\u0131<br \/>90 TLm\u00b2 Fiyat\u0131<\/a><\/li>\n<\/ul>\n<\/li>\n<\/ul>\n<p><br \/><br \/><\/p>\n<ul>\n<li style=\"list-style-type: none;\">\n<ul>\n<li><a href=\"https:\/\/alanyadahaliyikama.com\/index.php\/fiyat-tablosu\/#\"><br \/>Hint Kilimi<br \/>80 TLm\u00b2 Fiyat\u0131<\/a><\/li>\n<\/ul>\n<\/li>\n<\/ul>\n<p><br \/><br \/><\/p>\n<ul>\n<li style=\"list-style-type: none;\">\n<ul>\n<li><a href=\"https:\/\/alanyadahaliyikama.com\/index.php\/fiyat-tablosu\/#\"><br \/>K\u0131l Dokuma Kilim<\/a><\/li>\n<li>95<a href=\"https:\/\/alanyadahaliyikama.com\/index.php\/fiyat-tablosu\/#\">\u00a0TLm\u00b2 Fiyat\u0131<\/a><\/li>\n<\/ul>\n<\/li>\n<\/ul>\n<p><br \/><br \/><\/p>\n<ul>\n<li style=\"list-style-type: none;\">\n<ul>\n<li><a href=\"https:\/\/alanyadahaliyikama.com\/index.php\/fiyat-tablosu\/#\"><br \/>Stor Perde (Metresi)<br \/>40 TLm\u00b2 Fiyat\u0131<\/a><\/li>\n<\/ul>\n<\/li>\n<\/ul>\n<p><br \/><br \/><\/p>\n<ul>\n<li style=\"list-style-type: none;\">\n<ul>\n<li><a href=\"https:\/\/alanyadahaliyikama.com\/index.php\/fiyat-tablosu\/#\"><br \/>Zebra Perde<br \/>45 TLm\u00b2 Fiyat\u0131<\/a><\/li>\n<\/ul>\n<\/li>\n<\/ul>\n<p><br \/><br \/><\/p>\n<ul>\n<li style=\"list-style-type: none;\">\n<ul>\n<li><a href=\"https:\/\/alanyadahaliyikama.com\/index.php\/fiyat-tablosu\/#\"><br \/>Tek Ki\u015filik Yorgan<br \/>150 TLm\u00b2 Fiyat\u0131<\/a><\/li>\n<\/ul>\n<\/li>\n<\/ul>\n<p><br \/><br \/><\/p>\n<ul>\n<li style=\"list-style-type: none;\">\n<ul>\n<li><a href=\"https:\/\/alanyadahaliyikama.com\/index.php\/fiyat-tablosu\/#\"><br \/>\u00c7ift Ki\u015filik Yorgan<br \/>275 TLm\u00b2 Fiyat\u0131<\/a><\/li>\n<\/ul>\n<\/li>\n<\/ul>\n<p><br \/><br \/><\/p>\n<ul>\n<li style=\"list-style-type: none;\">\n<ul>\n<li><a href=\"https:\/\/alanyadahaliyikama.com\/index.php\/fiyat-tablosu\/#\"><br \/>Tek Ki\u015filik Battaniye<br \/>175 TLm\u00b2 Fiyat\u0131<\/a><\/li>\n<\/ul>\n<\/li>\n<\/ul>\n<p><br \/><br \/><\/p>\n<ul>\n<li style=\"list-style-type: none;\">\n<ul>\n<li><a href=\"https:\/\/alanyadahaliyikama.com\/index.php\/fiyat-tablosu\/#\"><br \/>\u00c7ift Ki\u015filik Battaniye<br \/>250 TLm\u00b2 Fiyat\u0131<\/a><\/li>\n<\/ul>\n<\/li>\n<\/ul>\n<p><br \/><br \/><\/p>\n<ul>\n<li style=\"list-style-type: none;\">\n<ul>\n<li><a href=\"https:\/\/alanyadahaliyikama.com\/index.php\/fiyat-tablosu\/#\"><br \/>Koltuk Tak\u0131m\u0131 Temizli\u011fi<br \/>800 TLm\u00b2 Fiyat\u0131<\/a><\/li>\n<\/ul>\n<\/li>\n<\/ul>\n<p><br \/><br \/><\/p>\n<ul>\n<li style=\"list-style-type: none;\">\n<ul>\n<li><a href=\"https:\/\/alanyadahaliyikama.com\/index.php\/fiyat-tablosu\/#\"><br \/>Minderli koltuk takimi<br \/>1200 TLm\u00b2 Fiyat\u0131<\/a><\/li>\n<\/ul>\n<\/li>\n<\/ul>\n<p><br \/><br \/><\/p>\n<ul>\n<li style=\"list-style-type: none;\">\n<ul>\n<li><a href=\"https:\/\/alanyadahaliyikama.com\/index.php\/fiyat-tablosu\/#\"><br \/>Kanepe Temizli\u011fi<br \/>400 TLm\u00b2 Fiyat\u0131<\/a><\/li>\n<\/ul>\n<\/li>\n<\/ul>\n<p><br \/><br \/><\/p>\n<ul>\n<li style=\"list-style-type: none;\">\n<ul>\n<li><a href=\"https:\/\/alanyadahaliyikama.com\/index.php\/fiyat-tablosu\/#\"><br \/>Tek ki\u015filik yatak<br \/>400 TLm\u00b2 Fiyat\u0131<\/a><\/li>\n<\/ul>\n<\/li>\n<\/ul>\n<p><br \/><br \/><\/p>\n<ul>\n<li style=\"list-style-type: none;\">\n<ul>\n<li><a href=\"https:\/\/alanyadahaliyikama.com\/index.php\/fiyat-tablosu\/#\"><br \/>\u00c7ift ki\u015filik yatak<br \/>600 TLm\u00b2 Fiyat\u0131<\/a><\/li>\n<\/ul>\n<\/li>\n<\/ul>\n<p><br \/><br \/><\/p>\n<ul>\n<li style=\"list-style-type: none;\">\n<ul>\n<li><a href=\"https:\/\/alanyadahaliyikama.com\/index.php\/fiyat-tablosu\/#\"><br \/>Y\u00fcn Renk D\u00fczeltme<br \/>300 TLm\u00b2 Fiyat\u0131<\/a><\/li>\n<\/ul>\n<\/li>\n<\/ul>\n<p><br \/><br \/><\/p>\n<ul>\n<li style=\"list-style-type: none;\">\n<ul>\n<li><a href=\"https:\/\/alanyadahaliyikama.com\/index.php\/fiyat-tablosu\/#\"><br \/>Overlok Makina<br \/>45 TLm\u00b2 Fiyat\u0131<\/a><\/li>\n<\/ul>\n<\/li>\n<\/ul>\n<p><br \/><br \/><\/p>\n<ul>\n<li style=\"list-style-type: none;\">\n<ul>\n<li><a href=\"https:\/\/alanyadahaliyikama.com\/index.php\/fiyat-tablosu\/#\"><br \/>Sa\u00e7ak Tamiri<br \/>400 TLm\u00b2 Fiyat\u0131<\/a>\u00a0<\/li>\n<\/ul>\n<\/li>\n<\/ul>\n<p><\/p>\n<p><\/p>\n<p><\/p>\n<p><\/p>\n<p><\/p>\n\u00a0\n<ul class=\"wp-block-list\">\n<li style=\"list-style-type: none;\">\n<ul><\/ul>\n<\/li>\n<\/ul>\n<p>\u00a0<\/p>\n<p><\/p>\n<p><\/p>","protected":false},"excerpt":{"rendered":"<p>F\u0130YATLARIMIZ<\/p>\n","protected":false},"author":1,"featured_media":0,"parent":0,"menu_order":0,"comment_status":"closed","ping_status":"closed","template":"","meta":{"site-sidebar-layout":"default","site-content-layout":"default","ast-global-header-display":"","ast-main-header-display":"","ast-hfb-above-header-display":"","ast-hfb-below-header-display":"","ast-hfb-mobile-header-display":"","site-post-title":"","ast-breadcrumbs-content":"","ast-featured-img":"","footer-sml-layout":"","theme-transparent-header-meta":"","adv-header-id-meta":"","stick-header-meta":"","header-above-stick-meta":"","header-main-stick-meta":"","header-below-stick-meta":"","_joinchat":[],"footnotes":""},"class_list":["post-1448","page","type-page","status-publish","hentry"],"_links":{"self":[{"href":"https:\/\/alanyadahaliyikama.com\/index.php\/wp-json\/wp\/v2\/pages\/1448","targetHints":{"allow":["GET"]}}],"collection":[{"href":"https:\/\/alanyadahaliyikama.com\/index.php\/wp-json\/wp\/v2\/pages"}],"about":[{"href":"https:\/\/alanyadahaliyikama.com\/index.php\/wp-json\/wp\/v2\/types\/page"}],"author":[{"embeddable":true,"href":"https:\/\/alanyadahaliyikama.com\/index.php\/wp-json\/wp\/v2\/users\/1"}],"replies":[{"embeddable":true,"href":"https:\/\/alanyadahaliyikama.com\/index.php\/wp-json\/wp\/v2\/comments?post=1448"}],"version-history":[{"count":18,"href":"https:\/\/alanyadahaliyikama.com\/index.php\/wp-json\/wp\/v2\/pages\/1448\/revisions"}],"predecessor-version":[{"id":1534,"href":"https:\/\/alanyadahaliyikama.com\/index.php\/wp-json\/wp\/v2\/pages\/1448\/revisions\/1534"}],"wp:attachment":[{"href":"https:\/\/alanyadahaliyikama.com\/index.php\/wp-json\/wp\/v2\/media?parent=1448"}],"curies":[{"name":"wp","href":"https:\/\/api.w.org\/{rel}","templated":true}]}}